0/14)/(9/42). What is the greatest common divisor of w and h?
20
Let s(n) = -37*n**2 - 5*n + 1. Let r(z) = 2 - 36*z**2 - 1 + z - 5*z. Let g(t) = -3*r(t) + 2*s(t). Let h be g(1). What is the greatest common divisor of h and 7?
7
Let j be 267 + -12 + 4 + 2. Suppose 27 + 31 = 2*u. What is the greatest common factor of u and j?
29
Suppose 0 = 4*r - 3*d - 46, -4*r + d + 48 = -d. Let m = -69 - -82. What is the highest common divisor of r and m?
13
Let i(j) = j**3 + 7*j**2 + 7*j + 6. Let s = 1 - 7. Let x be i(s). Suppose 5*w - 90 = -x*w. Calculate the highest common factor of w and 162.
18
Let m = -16 + 14. Let z be (9*2)/(m - -4). What is the highest common divisor of 36 and z?
9
Let y(p) be the second derivative of -p**3/6 - 5*p. Let s be y(-3). Let i(x) = x**3 - 2*x + 1. Let r be i(s). Calculate the highest common factor of r and 2.
2
Let m = -97 - -181. Calculate the greatest common divisor of m and 36.
12
Suppose 18 = 3*r + 6. Let x(t) = -t**3 + 3*t**2 + 2*t + 3. Let o be x(3). Suppose o = r*s - s. What is the highest common divisor of s and 24?
3
Let g(a) = 6*a - 1. Let b be g(5). What is the highest common divisor of 725 and b?
29
Let w(u) = 10*u + 290. Let p be w(-24). Calculate the highest common divisor of p and 70.
10
Let d = 14 + 6. Let k(u) = -4*u - 35. Let t be k(-10). Calculate the greatest common divisor of d and t.
5
Let r = 6 - 6. Suppose -4*i = 2*i - 198. Suppose r = z + i - 133. What is the greatest common factor of z and 20?
20
Let d be (2/2)/(2/4). Suppose d*m + 50 = 3*m. Let u = -3942 + 3967. What is the greatest common factor of u and m?
25
Suppose 5*c - 387 - 428 = 5*m, -361 = -2*c - 5*m. What is the greatest common factor of 240 and c?
24
Let y(w) = -w**3 + 8*w**2 - 3*w - 6. Let h be y(8). Let r be -3 - 12/8*h. Let o = r + -36. What is the greatest common divisor of 6 and o?
6
Suppose -12*a - 416 = -2132. What is the highest common divisor of 44 and a?
11
Let r be ((-88)/(-16))/(3/6). Let l = 4 + r. What is the highest common factor of 45 and l?
15
Let o be 21/7*(-40)/(-15). Let m be (0 + 6/9)*18. What is the greatest common divisor of o and m?
4
Let j be 8/2 + 108/27. Calculate the highest common factor of 1992 and j.
8
Suppose 20*o - 7915 - 29905 = 0. What is the greatest common divisor of 61 and o?
61
Suppose -4*y = -7*y + 2*p + 360, 0 = y - p - 120. Calculate the greatest common factor of y and 12.
12
Let u(j) = -j + 14. Let q be u(9). Suppose -4*t + q*f = 5 - 62, -2*f = -5*t + 84. Calculate the greatest common factor of 18 and t.
18
Let v(g) = 3*g**2 - 2*g + 4. Let z be v(-3). Suppose 0 = -0*p - 8*p - 184. Let u = z + p. Calculate the highest common divisor of u and 7.
7
Let v = -2755 + 2794. Let t = 158 + -106. What is the greatest common factor of v and t?
13
Let x(a) = -16*a + 9. Let d be x(3). Let o be (d/(-4))/(18/48). Calculate the highest common factor of o and 234.
26
Let f(s) = -s**3 - 7*s**2 - 13*s + 21. Let m be f(-8). What is the greatest common factor of 6 and m?
3
Suppose -3*k - 6*r + 3*r + 147 = 0, 2*k = 4*r + 68. Let b = k + -33. Calculate the greatest common factor of b and 1.
1
Let g = -877 - -2240. Calculate the greatest common divisor of g and 29.
29
Suppose -5*m = -4*q - 0*q + 119, m = -3. What is the highest common factor of 117 and q?
13
Suppose 0 = 19*j - 277 - 103. What is the highest common factor of j and 35?
5
Let k be (-14)/(-4)*456/6. Calculate the greatest common divisor of 342 and k.
38
Let f be (-9)/(-3) - 2*-25. Let a = 61 - f. Calculate the highest common divisor of a and 4.
4
Let d = 9 + -2. Suppose -54 = d*x - 250. Calculate the greatest common divisor of x and 7.
7
Let r = 11 - 5. Suppose -206 = -5*f + 2*c, -2*c + 4*c + r = 0. Calculate the greatest common factor of f and 20.
20
Suppose 3*k = 3*g + 2*k - 2213, -4*g = k - 2946. What is the highest common factor of g and 67?
67
Let m be 8/6 - (2 + 70/(-15)). Suppose -4*t - 3 = -3*q - 132, 0 = m*q - 4. What is the greatest common factor of t and 44?
11
Let m be 536/(-12)*(-6)/4. Suppose 5*x - 242 = -m. Let h(p) = 2*p + 4. Let o be h(5). What is the greatest common divisor of o and x?
7
Let h be (-2)/10*-5*-8. Let g be (-5)/(-20) - 214/h. Suppose 2*x - 164 = -x + j, 116 = 2*x - 4*j. Calculate the greatest common factor of g and x.
27
Suppose -5*a + 47 = 5*h - 18, -5*a + 9 = -2*h. Let y be (6/9*-3)/(5/(-60)). Calculate the highest common divisor of y and h.
8
Let t(n) = 13*n + 13*n + 15 - 24*n. Let r be t(-4). What is the greatest common factor of 7 and r?
7
Suppose 3*m + 0*m - 42 = 0. Let b be m/(-77) + 2182/22. What is the highest common divisor of b and 9?
9
Let d = -577 - -262. Let p be d/(-6)*(-4)/3. Let l be p/(-6) + 3/9. Calculate the highest common factor of l and 2.
2
Let m(j) = -j**3 - 4*j**2 - 8*j + 1. Let v be m(-3). Let w = 2 + v. What is the greatest common factor of w and 45?
9
Suppose 0*i = 5*i. Let b be (91*(-1 - i))/(-1). Let y(q) = 2*q**2 + 2*q + 1. Let f be y(-3). Calculate the greatest common factor of b and f.
13
Let i(n) = -4*n + 40. Let t be i(7). Let a(l) = l + 1. Let s be a(5). Suppose 0 = -12*z + 9*z + s. Calculate the highest common factor of z and t.
2
Let i be ((-1775)/(-9) - 1) + (-8)/36. What is the highest common divisor of i and 49?
49
Suppose -33*m + 3*a = -34*m + 257, -m + 263 = a. What is the greatest common divisor of m and 304?
38
Suppose -4 = -5*z + 4*z. Suppose -6*r + 9*r + z*v - 18 = 0, -v - 5 = -4*r. What is the greatest common factor of r and 14?
2
Suppose 0 = 2*k + 76 - 666. What is the highest common divisor of 118 and k?
59
Let x = 743 - 673. What is the highest common factor of 350 and x?
70
Suppose -2894 = -68*m + 30290. What is the highest common divisor of 366 and m?
122
Let u = -480 - -612. What is the highest common factor of u and 352?
44
Suppose 6*i + 8 = 38. What is the highest common factor of 4 and i?
1
Let b(x) = -65*x - 271. Let j be b(-7). What is the highest common factor of 253 and j?
23
Suppose -4*k + 72*d = 70*d - 110, 2*d + 6 = 0. What is the highest common divisor of k and 689?
13
Suppose 0 = 4*x - 2*w - 10, -x + 4*w - 2*w + 10 = 0. Suppose -2*k + 6 = -4*k. Let j be k - x/3 - -111. What is the greatest common factor of j and 72?
36
Let k be 4/(-2)*-2*3. Let w(t) = -t**3 - 8*t**2 + 6*t - 15. Let x = -18 - -9. Let v be w(x). Calculate the greatest common divisor of k and v.
12
Let z be 630/60*(-3)/(-42)*16. Calculate the highest common divisor of z and 1500.
12
Suppose 0 = -0*i + 2*i + 6. Let f be 5 + (3/(-1) - i). Let b = f - 2. Calculate the highest common factor of b and 18.
3
Let a be ((-19)/(-57))/(1/15). Suppose 4*k - 3*z - 40 - 8 = 0, 0 = 3*k + a*z - 7. Calculate the greatest common divisor of 99 and k.
9
Let m be (0/2)/(-9 + 11). Suppose 0*j + 2*j = 8. Suppose 2*b - 4*o - 20 = 0, -j*o + m*o = 5*b - 120. What is the greatest common factor of 220 and b?
20
Let w be ((-36)/24)/(3/(-196)). What is the highest common factor of 70 and w?
14
Let z be (-1)/(-1*2/50). Let n(x) = 2*x + 6. Let o be n(-6). Let m be (10/3)/((-2)/o). Calculate the greatest common factor of z and m.
5
Let z = 40 - 10. Let a(r) = -r**2 + 6*r - 6. Let v be a(8). Let t = v - -34. Calculate the highest common factor of z and t.
6
Let o be (-4 - -1) + 2 - (-2 - -1). Suppose 5*b + 3*n - 6 - 61 = o, 3*b - 5*n - 47 = 0. What is the greatest common divisor of 14 and b?
14
Let s = 197 + -76. Calculate the greatest common factor of s and 11.
11
Let g be -10 + 5/((-15)/(-132)). Calculate the greatest common factor of 527 and g.
17
Let q(d) = -59*d**3 + 2*d**2 - 5*d - 13. Let z be q(-2). Calculate the highest common factor of 53 and z.
53
Let v(q) = -q**3 + 6*q**2 - q. Let i(h) = h**2 - 17*h + 21. Let a be i(16). Let t be v(a). Calculate the greatest common factor of t and 100.
20
Let x(w) = 29*w**2 + 4. Let u be x(-2). Suppose -12*v - u = -13*v. What is the greatest common divisor of v and 20?
20
Let s be (23 + -26)/(3/(-129)). What is the greatest common factor of s and 43?
43
Let p be 4 + (1 - (-12)/3). What is the greatest common factor of 36 and p?
9
Suppose 81 = 2*y - 3*d - 2*d, -3*y = -d - 89. Suppose 3*x - x - 84 = 0. Calculate the highest common divisor of x and y.
14
Let h(s) = -19*s - 1. Let x be h(-1). Suppose 0 = -4*f + 8*f - 4. Let n be 0 - (-3 - -5)*(-5 - f). What is the greatest common fac